4 - 6758. What is the hundreds digit of s?
1
Suppose -7 - 13 = h + u, 2*h - 5*u = -33. Let x(d) = 5*d**2 + 4*d + 11. Let g be x(-2). Let q = g + h. What is the units digit of q?
4
Let z(s) = -s**3 - 15*s**2 - 14*s. Let k be z(-14). Let a be (-6 - k)/2 + (116 - -3). Suppose 46 = 3*w - a. What is the units digit of w?
4
Let x(n) = 3*n**2 - 70*n - 35. Let a be x(24). Let j = 214 - a. What is the units digit of j?
1
What is the hundreds digit of -2 - -128 - (45 - 30)?
1
Let i(c) = -40*c + 4. Let w(t) = -t. Let s be 2/8 + 3 + (-22)/(-8). Let k be w(s). What is the hundreds digit of i(k)?
2
Suppose v + 6 = -4*w - 69, -4*v - 5*w = 267. Let g be 3/(-1) + v/21. What is the tens digit of -1*(-2)/(-3) + (-292)/g?
4
Let x(m) = -390*m**3 + 26*m**2 + m - 1. What is the thousands digit of x(-2)?
3
Let i(y) = 33 + 5 - 418*y**2 + 430*y**2. What is the units digit of i(-6)?
0
Suppose -227484 = -39*i + 945558. What is the hundreds digit of i?
0
Suppose 5*q - 4*w = -11, -5*w - 8 + 3 = 0. Let s(v) = -27*v - 8. Let o be s(q). Let h = o + -31. What is the units digit of h?
2
Let p(z) = -z**3 + 5*z**2 + 8*z - 9. Let f be p(6). Suppose y - f*x - 2 = 13, -3*y + 2*x + 17 = 0. What is the units digit of 69/y - (-5)/(-1)?
8
Let w(c) = c**3 - c**2 + 3*c - 1. Let q be w(2). Suppose -3*u = -q*u. What is the tens digit of -1 + (-51)/(u + -1)?
5
Suppose -11*o = -6*o + 20. Let z(q) = -4 - 20*q**2 + 23*q**2 + 11. What is the tens digit of z(o)?
5
Let c(k) = -2*k**2 - 47*k - 126. Let x be c(-3). Let o(f) = 60*f**2. Let s be o(1). What is the units digit of s/8*(-118)/x?
5
Let t = 26 + -22. Let n(y) be the first derivative of y**3/3 + y**2 - 4*y + 97. What is the units digit of n(t)?
0
Suppose -2*d + 6*r = 8*r - 109848, 0 = -d + 4*r + 54929. What is the units digit of d?
5
Let c be (-69)/(2/(-6)*63/(-14)). Let f = -43 - c. Suppose 3*h + 117 = 3*k, f*k + k = 3*h + 154. What is the tens digit of k?
3
Suppose 3*y + 2*n - 438 = 3, -5*y = 2*n - 735. Let j = y - -420. What is the hundreds digit of j?
5
Let m be 10/(-85) + (-4)/68*-4898. Suppose m = 5*k - 352. What is the units digit of k?
8
Suppose -101*i + 1117528 = -692291. What is the ten thousands digit of i?
1
Suppose 1336*q - 2*p - 119600 = 1334*q, 0 = -4*q - 3*p + 239172. What is the ten thousands digit of q?
5
Let k(g) = -g**3 + 41*g**2 + 37*g - 115. Let c = -329 + 370. What is the units digit of k(c)?
2
Suppose 3*m + 2*h + 105 = 4*h, 0 = m - h + 34. Let o = -35 - m. What is the tens digit of ((-3)/((-6)/22))/(o/6)?
3
Let g(h) = -62*h - 13. Suppose -3*x - 163 + 139 = 0. What is the units digit of g(x)?
3
Let t be (0 + -2)*(-1674)/30*(-10)/(-12). Suppose 49 = -2*j - 3*u, 3*j = 2*j + 4*u - 52. Let v = t + j. What is the tens digit of v?
6
Suppose 11 = q - l, -2*q - 3*l + 9 = q. Suppose -c + q = 5*b - 33, -b = -2*c + 135. Suppose 4*v - 9*v + c = 0. What is the tens digit of v?
1
Suppose -4*m = 4*c - 3528, -3*m = -5*c - 2652 - 34. Suppose 4*u - 2236 = -4*w, 3*u - m = 3*w + 778. What is the units digit of u?
7
Suppose 2*n = 4*v + 94, 5*v - 231 + 71 = -5*n. Let p = n + 5. Suppose -4*h = -2*t - p, 3*h - 6*t - 29 = -4*t. What is the tens digit of h?
1
Let c(b) = 2*b**3 + 10*b**2 + 68*b - 11. What is the hundreds digit of c(20)?
3
Suppose 5*d + 5*w - 5 = 0, -6*d = -d - 5*w - 55. Suppose -10*m + 63 = 11*m. Suppose -m*n = d*n - 999. What is the hundreds digit of n?
1
Let t be 130/(-45)*-25 + 4/(-18). Suppose 35*a = t*a - 36482. What is the units digit of a?
6
Let r be (-13)/(-1) - (47 + -39). Suppose 411 + 1189 = r*v. What is the hundreds digit of v?
3
Let o = -1492 + 6019. What is the units digit of o?
7
Let i(c) = c**3 + 5*c**2 - 740*c + 133. What is the hundreds digit of i(28)?
2
Let l be 4 + (12448/(-8))/(-2). Let q = l - 469. What is the tens digit of q?
1
Let o(k) = k + 5. Let b = 89 + -67. What is the units digit of o(b)?
7
What is the thousands digit of (0 - -1700) + 1134/126?
1
Suppose 7*j - 3*j - l = 4491, 5607 = 5*j + l. What is the hundreds digit of ((-10)/45*3)/((-2)/j)?
3
Let j(x) = -x**3 + x + 2191. Let d be j(0). Suppose 5*c = -4*w - 51 + d, -3*c = 3*w - 1287. What is the units digit of c?
4
Let s(g) = 23*g**2 + 29*g + 90. What is the units digit of s(-23)?
0
What is the tens digit of 466/42 + 80/(-840) - -5342?
5
Let x(p) = 7*p**3 + 3*p**2 - 4*p - 11. Let d be x(4). Suppose 22*u - d = 15*u. What is the tens digit of u?
6
Let r = -19141 - -29241. What is the units digit of r?
0
Suppose -6*v + 4*v - 604 = 5*c, -3*v + 3*c - 864 = 0. Let g = 438 + v. What is the units digit of g?
6
Let i be 18/(-8)*128/(-48). Suppose 355 = -i*s + 1351. Let y = s - 101. What is the tens digit of y?
6
What is the hundreds digit of 109/((-8)/(-505 - -9))?
7
Let o = -158 - -26. Let b = -593 - o. Let f = b + 703. What is the hundreds digit of f?
2
Suppose -5129*u + 5116*u = -175734. What is the hundreds digit of u?
5
Suppose 10*o = -331 - 139. Let x = o + 170. Suppose -5*r + 1133 - x = 0. What is the hundreds digit of r?
2
Let o be (-1)/2 - ((-425)/(-2) - 6). Let m = -125 - o. Suppose -240 = -v + k, -2*v + 4*k + 568 = m. What is the hundreds digit of v?
2
What is the thousands digit of -2 + 0/2 + -3*(-296039)/57?
5
Suppose -g = -5*g + 8. Let v(n) be the first derivative of 14*n**2 + 2*n + 767. What is the units digit of v(g)?
8
Suppose -9*w - 37 = -10. Let y be (-3 - (w + -3)) + -3. Suppose y = -6*g - g + 672. What is the units digit of g?
6
Suppose 21*h - 7*y = 23*h - 17395, h - 2*y = 8725. What is the tens digit of h?
1
Let r = 784 - 768. Suppose -25299 = -r*z - 11*z. What is the hundreds digit of z?
9
Let x = -3 - 0. Let z be (80/(-100))/(2/10). What is the hundreds digit of (-181)/(1/(z - x))?
1
Let g = 7 + 7. Let m = g + -11. Suppose 4*o + 240 = 4*j, -m*j - 5*o + 52 = -120. What is the units digit of j?
9
Suppose 2*s - 6283 = -5*m + 4428, -10729 = -2*s + m. What is the thousands digit of s?
5
Suppose -2*p = -8*p + 18819 + 13653. What is the tens digit of p?
1
Suppose 56397 + 25263 = 8*b - 31916. What is the thousands digit of b?
4
Let p(c) = -7*c + 6. Let r(q) be the third derivative of q**6/120 - q**5/10 - 7*q**4/24 - q**3/2 - 15*q**2. Let z be r(7). What is the units digit of p(z)?
7
Let i(m) = -m**2 + 22*m - 69. Let d be i(18). Suppose -166 = -2*j + 2*k, -4*k + 427 = 5*j - d*k. What is the tens digit of j?
8
Let x(d) = d**3 + 8*d**2 - 5*d - 35. Let a be x(-8). Suppose a*w - 1463 = -6*w. Let s = 245 - w. What is the tens digit of s?
1
Suppose 553*u - 551*u = 30212. Suppose 0 = -14*n - 12*n + u. What is the hundreds digit of n?
5
Let u = -17736 - -39506. What is the units digit of u?
0
What is the hundreds digit of (-431670)/(-75) + (-4 - (-88)/20)?
7
What is the units digit of (-127016)/(-5)*540/432?
4
Let y be 13/((-14)/(-10) + 6/(-15)). Let m be 37 + -37 + (1 - 1*y). Let f(k) = -k**3 - 11*k**2 + 11*k + 1. What is the units digit of f(m)?
3
Let c(x) = -22*x - 2. Let y be 9/6*8/6. Let k be c(y). Let q = 58 + k. What is the tens digit of q?
1
Let l = -56 - -59. Suppose 33 = l*s - 21. Suppose s*w = 14*w + 788. What is the units digit of w?
7
Suppose -1071*g + 960*g + 5501715 = 0. What is the tens digit of g?
6
Suppose -352*z + 353*z = 1955. Suppose z*q - 1960*q + 660 = 0. What is the hundreds digit of q?
1
Suppose -232*o + 207*o + 335300 = 0. What is the tens digit of o?
1
Let m = 7744 - 6071. What is the thousands digit of m?
1
Let p(n) be the first derivative of n**4/2 - n**3/3 + 282*n + 36. Let d be p(0). Let q = -116 + d. What is the hundreds digit of q?
1
Let t = -341 + 501. Suppose -5*l + t = -640. Suppose -6*v - l = -11*v. What is the tens digit of v?
3
What is the thousands digit of (-42)/((3117/(-3090) - -1)/((-6)/(-5)))?
5
Suppose -28*x + 22*x = -1704. Let z = x - -122. What is the units digit of z?
6
Suppose -5*w + 29 = 9. Let u(q) = q + 3 + 17*q + 1 - 5. What is the units digit of u(w)?
1
Let x = 7840 - 1899. What is the thousands digit of x?
5
Let z(h) = 4666*h + 48. What is the tens digit of z(3)?
4
Suppose -2*r = -2*n + r + 15, 2*r = -n + 4. Suppose 3559 = -146*p + 217*p - 10641. Suppose -2*k = -n*k + c + 266, -c = -3*k + p. What is the tens digit of k?
6
What is the hundreds digit of 15 + 1 + 14427 + 1 + 2?
4
Let f = 1442 + 5124. What is the units digit of f?
6
Suppose -u - 171066 = -6*y, -2*y = 8*u - 3*u - 56990. What is 